s 1316159 (base 10) in base 15?
1aee8e
What is -1000010111110100101100 (base 2) in base 14?
-411b88
Convert -2302 (base 10) to base 3.
-10011021
Convert 10122434 (base 6) to base 8.
1070126
What is -212113100 (base 5) in base 11?
-561292
What is -15631446 (base 7) in base 5?
-342123111
Convert 76263 (base 13) to base 5.
23313103
What is 228119 (base 15) in base 2?
110010010001010010001
What is -235551453 (base 7) in base 8?
-70011645
-153c8 (base 14) to base 8
-147244
What is -1000111011111001011111 (base 2) in base 12?
-94b73b
f6dd (base 16) to base 5
4010242
What is 1505103 (base 6) in base 15?
1aa20
Convert 1b4a5d (base 14) to base 4.
3231221223
Convert 391a19 (base 13) to base 2.
101001111101001110101
What is 15ca47 (base 14) in base 8?
2725667
284213 (base 10) to base 16
45635
What is b2fce (base 16) in base 9?
1336603
Convert 13030230 (base 5) to base 8.
367734
What is 3082600 (base 9) in base 16?
192873
-418150 (base 10) to base 4
-1212011212
-24171 (base 11) to base 15
-a4a5
-103020122001 (base 4) to base 11
-2915a75
Convert 5747435 (base 8) to base 12.
632b91
Convert -1201201122 (base 3) to base 9.
-51648
Convert -22220331 (base 4) to base 12.
-21279
25066021 (base 7) to base 9
4211811
What is 4bb485 (base 12) in base 6?
42351045
Convert 3502566 (base 12) to base 9.
21175446
Convert -47427 (base 12) to base 15.
-1d517
Convert -30827 (base 12) to base 9.
-105854
-10100100101011001 (base 2) to base 4
-110211121
Convert -b7b (base 13) to base 2.
-11110101001
What is -4747972 (base 10) in base 4?
-102013023010
Convert 51294 (base 13) to base 15.
2d176
What is -530174 (base 8) in base 10?
-176252
Convert -80a60 (base 14) to base 12.
-12b050
Convert -233113 (base 14) to base 4.
-10210303231
-1114323 (base 7) to base 5
-13412033
-5505544 (base 8) to base 11
-91a060
Convert 554203 (base 9) to base 16.
50d7b
Convert -10111001 (base 2) to base 7.
-353
Convert 1010101100110111 (base 2) to base 8.
125467
Convert 1211000333 (base 4) to base 16.
6503f
-53161 (base 7) to base 3
-200000011
-98701 (base 10) to base 6
-2040541
What is 1011111100100011010000 (base 2) in base 13?
858524
Convert 1011110101111100101 (base 2) to base 16.
5ebe5
-11885a4 (base 12) to base 4
-31001311030
Convert a599a4 (base 12) to base 8.
11747514
What is -1052110 (base 12) in base 5?
-1242441101
What is 1432320144 (base 5) in base 4?
32131300310
What is -24144333 (base 6) in base 11?
-47a378
110100000111010010000 (base 2) to base 7
20341420
What is -2103253 (base 7) in base 9?
-425371
What is -25b1c (base 13) in base 2?
-10001000101100111
-1bb3c (base 14) to base 2
-10001010010011010
-441808 (base 9) to base 13
-93113
Convert 26134 (base 9) to base 7.
102223
1006b1 (base 13) to base 10
372451
4436681 (base 9) to base 15
322201
Convert -131049 (base 11) to base 5.
-23100413
-4c4fb (base 16) to base 2
-1001100010011111011
What is -15b73 (base 12) in base 10?
-31047
What is -10757063 (base 10) in base 15?
-e27428
What is 9463a (base 11) in base 14?
38354
Convert 30243402 (base 6) to base 15.
120328
Convert 151013516 (base 7) to base 3.
200211020201002
321cc0 (base 15) to base 12
9706a6
What is -3405866 (base 9) in base 10?
-1834872
Convert 808c0 (base 15) to base 6.
12420100
What is -5224586 (base 9) in base 5?
-1203314244
Convert 16b88c (base 13) to base 16.
8abe6
Convert -3111152 (base 7) to base 9.
-627072
What is 2122321311 (base 4) in base 8?
2327165
Convert -20120133 (base 4) to base 8.
-103037
64ab9 (base 13) to base 12
893a4
-1801612 (base 10) to base 11
-102063a
1010111101011011000 (base 2) to base 3
200020122001
Convert 46306123 (base 7) to base 3.
21121220010201
-1115303 (base 6) to base 13
-1cba5
What is -11020503 (base 6) in base 3?
-121201210210
Convert 42dcb (base 16) to base 11.
177840
What is -261dc (base 14) in base 11?
-6442a
-100011101100101101 (base 2) to base 12
-70751
What is 17119 (base 10) in base 9?
25431
What is -5a0907 (base 12) in base 8?
-5425427
Convert -7127a7 (base 13) to base 14.
-4c794a
What is -7d0410 (base 16) in base 6?
-451334424
What is -afd7c2 (base 16) in base 15?
-10297de
-110020303202 (base 4) to base 6
-305051322
Convert 6d2e6e (base 15) to base 12.
18bb44b
111503025 (base 7) to base 14
c8ac4c
-1001101100011111000000 (base 2) to base 11
-1486519
What is -27603524 (base 8) in base 6?
-341252220
What is 31013101 (base 5) in base 8?
752222
Convert 65281b (base 16) to base 5.
3144120103
Convert 435121111 (base 6) to base 10.
7802179
Convert -46428 (base 13) to base 3.
-20111202210
Convert b9347a (base 12) to base 16.
2cb3de
Convert 745550 (base 9) to base 15.
8b6dc
What is 35320866 (base 9) in base 3?
1012100200222020
303212021000 (base 4) to base 10
13525568
What is 1000110010010100110 (base 2) in base 10?
287910
What is 26da00 (base 14) in base 4?
11020010200
-34496 (base 11) to base 3
-2112100210
What is 13877143 (base 10) in base 6?
1213234011
987413 (base 11) to base 14
2d06c2
What is 100101101001110101001 (base 2) in base 10?
1233833
-1453700 (base 8) to base 5
-101300210
-29aabb (base 12) to base 10
-703151
69e056 (base 15) to base 8
23231206
187181 (base 9) to base 2
11100100000111010
1243756 (base 9) to base 6
22313340
What is -2113214 (base 5) in base 8?
-105152
-676a1 (base 14) to base 8
-752215
What is 1741914 (base 12) in base 5?
2213020132
Convert 1121111020201 (base 3) to base 9.
1544221
Convert -2677436 (base 8) to base 7.
-6255420
Convert 1100110110100010001110 (base 2) to base 7.
40431312
Convert 1740388 (base 10) to base 7.
20536006
Convert -57208c (base 16) to base 10.
-5709964
What is 2040016 (base 7) in base 14?
6537d
What is -8695b (base 12) in base 4?
-223113113
Convert -22010320 (base 4) to base 6.
-515024
What is 312311320 (base 4) in base 13?
7b325
5412341 (base 10) to base 4
110221113311
-44295 (base 11) to base 7
-355162
-4a924 (base 12) to base 4
-120302230
-1618d (base 15) to base 6
-1305441
-6285071 (base 9) to base 15
-466661
What is -549d (base 14) in base 9?
-22070
What is 38991 (base 15) in base 13?
6452b
What is 15077252 (base 9) in base 12?
2613385
What is 1ac7c (base 16) in base 12?
53590
What is -354ddd (base 15) in base 16?
-26e0ab
What is 18c853 (base 13) in base 12?
263211
What is -2103008 (base 11) in base 9?
-6871583
What is 40342306 (base 7) in base 8?
14630634
Convert -33344502 (base 6) to base 16.
-f66b6
What is 8c94 (base 13) in base 10?
19725
What is 1773573 (base 8) in base 12?
21218b
What is 2658988 (base 10) in base 12?
a82924
What is -21245653 (base 7) in base 4?
-12321321100
Convert -10100101011111000111111 (base 2) to base 4.
-110223320333
What is 112273 (base 10) in base 7?
645220
-10004212 (base 5) to base 3
-10222221011
What is b88a24 (base 12) in base 5?
1221341312
What is 100100110102 (base 3) in base 7?
1364366
-43003443 (base 5) to base 2
-1010111110111000001
-10001102021 (base 3) to base 4
-32222302
148ac2 (base 16) to base 3
2112101200211
What is -1300320033 (base 4) in base 9?
-774203
What is -169003 (base 12) in base 4?
-1132323003
113432042 (base 6) to base 14
3d809c
Convert -14ca9a8 (base 13) to base 6.
-355050130
115102233 (base 7) to base 14
d53b1a
Convert -3020434 (base 5) to base 4.
-23301310
Convert 1300165 (base 7) to base 11.
105389
What is -212112200111 (base 3) in base 6?
-13533234
-33320303 (base 7) to base 5
-1214111244
Convert -10110471 (base 9) to base 13.
-100a116
Convert 1332400 (base 8) to base 15.
75c46
Convert -654a4 (base 13) to base 5.
-21330121
434132322 (base 5) to base 11
1063a93
Convert -5123543 (base 8) to base 11.
-844a5a
What is 34256004 (base 8) in base 13?
1701641
What is -1210036 (base 7) in base 9?
-253737
211023103 (base 4) to base 8
451323
Convert -123864 (base 9) to base 6.
-1335304
What is 2ff3c (base 16) in base 10?
196412
What is -426c99 (base 13) in base 8?
-5742176
What is 2b4cb5 (base 15) in base 5?
1013420440
What is -1040043444 (base 5) in base 2?
-1000101001110111010000
32203022202 (base 4) to base 11
2175609
249867 (base 10) to base 7
2060322
What is 85b21 (base 16) in base 8?
2055441
Convert -613b (base 13) to base 11.
-a083
What is -7a59a (base 11) in base 9?
-186736
-20bc30 (base 15) to base 8
-5744134
Convert -433135 (base 9) to base 8.
-770203
What is -62843 (base 14) in base 12?
-b560b
-45c29a (base 13) to base 6
-5